tor of 278451?
False
Does 30 divide 1665299?
False
Does 829 divide 4355258?
False
Is 35 a factor of 5855376?
False
Is 9 a factor of 171909?
True
Does 158 divide 17222?
True
Does 34 divide 8385674?
False
Is 60312 a multiple of 8?
True
Does 4 divide 388927?
False
Is 1521279 a multiple of 125?
False
Does 1252 divide 2132156?
True
Does 593 divide 297280?
False
Is 6738846 a multiple of 512?
False
Is 413483 a multiple of 118?
False
Does 12 divide 2206296?
True
Does 28 divide 3920?
True
Is 165 a factor of 23065796?
False
Does 4 divide 665348?
True
Does 50 divide 1223820?
False
Is 262722 a multiple of 28?
False
Does 8 divide 8872?
True
Does 42 divide 246036?
True
Does 13 divide 84494?
False
Does 7 divide 4507461?
True
Does 161 divide 2477307?
True
Is 3 a factor of 57201?
True
Is 71 a factor of 114168?
True
Is 90 a factor of 995400?
True
Is 42 a factor of 15797675?
False
Is 32 a factor of 19892?
False
Is 20 a factor of 954700?
True
Is 430760 a multiple of 356?
True
Is 18424 a multiple of 7?
True
Is 2869935 a multiple of 653?
True
Does 26 divide 127608?
True
Is 251369 a multiple of 8?
False
Is 134 a factor of 47179?
False
Does 5 divide 12840?
True
Is 17567592 a multiple of 56?
True
Is 177 a factor of 1725219?
True
Is 1884245 a multiple of 200?
False
Is 11 a factor of 104610?
True
Is 79 a factor of 35644?
False
Does 88 divide 38544?
True
Does 311 divide 39248?
False
Is 2232204 a multiple of 492?
True
Is 228 a factor of 113461?
False
Is 262463 a multiple of 40?
False
Does 7 divide 608097?
True
Is 823 a factor of 9722033?
False
Does 31 divide 18821442?
False
Is 364 a factor of 112810?
False
Does 15 divide 20213?
False
Is 542 a factor of 546878?
True
Does 635 divide 1035707?
False
Is 155 a factor of 24581?
False
Does 492 divide 205642?
False
Is 2280256 a multiple of 41?
True
Is 819583 a multiple of 441?
False
Does 93 divide 801474?
True
Is 3663769 a multiple of 64?
False
Does 21 divide 137634?
True
Does 7 divide 1054123?
True
Does 38 divide 1466610?
True
Does 81 divide 14390?
False
Does 71 divide 331729?
False
Does 64 divide 145024?
True
Does 276 divide 670256?
False
Is 1121 a factor of 234145?
False
Does 10 divide 90549?
False
Is 839552 a multiple of 32?
True
Is 145464 a multiple of 232?
True
Is 209 a factor of 89607?
False
Does 54 divide 6318?
True
Is 4393222 a multiple of 13?
False
Is 321828 a multiple of 78?
True
Does 14 divide 5038892?
False
Is 39 a factor of 719856?
False
Does 292 divide 7795583?
False
Does 16 divide 1849888?
True
Is 977544 a multiple of 6?
True
Is 446 a factor of 176170?
True
Is 28 a factor of 1162420?
True
Does 777 divide 10630431?
False
Does 37 divide 1810108?
False
Does 533 divide 185593?
False
Is 457 a factor of 202908?
True
Does 16 divide 221824?
True
Is 16 a factor of 5339472?
True
Is 318380 a multiple of 380?
False
Is 18660248 a multiple of 934?
False
Is 5 a factor of 16837?
False
Does 12 divide 15000984?
True
Is 344 a factor of 1086008?
True
Is 412711 a multiple of 53?
True
Does 150 divide 44250?
True
Is 68694 a multiple of 14?
False
Is 68 a factor of 4692?
True
Does 3 divide 2917021?
False
Does 9 divide 82529?
False
Does 9 divide 4788?
True
Is 6 a factor of 1840026?
True
Does 6 divide 459239?
False
Is 1990014 a multiple of 1209?
True
Is 32813 a multiple of 110?
False
Is 1139593 a multiple of 889?
False
Is 1092793 a multiple of 743?
False
Is 122746 a multiple of 98?
False
Is 218592 a multiple of 116?
False
Is 13080 a multiple of 218?
True
Is 49 a factor of 506952?
False
Is 3 a factor of 326625?
True
Does 2523 divide 25512908?
False
Is 4 a factor of 123448?
True
Does 281 divide 233792?
True
Does 360 divide 226644?
False
Is 833 a factor of 1560209?
True
Is 689894 a multiple of 48?
False
Is 13400 a multiple of 15?
False
Is 29174600 a multiple of 1145?
True
Is 563448 a multiple of 160?
False
Is 43 a factor of 366100?
False
Is 7507 a multiple of 68?
False
Is 9089488 a multiple of 244?
True
Does 7 divide 5264991?
False
Does 13 divide 60861?
False
Is 361368 a multiple of 42?
True
Is 2652131 a multiple of 467?
False
Is 414617 a multiple of 2?
False
Is 92632 a multiple of 20?
False
Is 1416204 a multiple of 186?
True
Is 211345 a multiple of 11?
False
Is 1609300 a multiple of 5?
True
Is 18 a factor of 39023968?
False
Is 82005 a multiple of 23?
False
Is 400 a factor of 2430400?
True
Does 17 divide 2226762?
True
Does 834 divide 3953160?
True
Does 7 divide 63233?
False
Is 11 a factor of 830489?
True
Does 12 divide 223008?
True
Is 7595060 a multiple of 76?
True
Does 292 divide 18759832?
True
Is 50 a factor of 647116?
False
Is 78 a factor of 708160?
False
Does 428 divide 17578799?
False
Is 205917 a multiple of 27?
False
Does 11 divide 94897?
True
Does 181 divide 320130?
False
Is 231 a factor of 75537?
True
Is 8249192 a multiple of 152?
True
Is 14 a factor of 64596?
True
Is 763500 a multiple of 1527?
True
Is 1537245 a multiple of 22?
False
Does 41 divide 82630?
False
Is 330413 a multiple of 14?
False
Is 73790 a multiple of 9?
False
Is 435 a factor of 372795?
True
Does 983 divide 1561316?
False
Is 206626 a multiple of 239?
False
Is 174 a factor of 198534?
True
Is 3539808 a multiple of 241?
True
Is 782694 a multiple of 450?
False
Does 13 divide 176618?
True
Does 22 divide 12829036?
True
Is 5550358 a multiple of 98?
False
Is 21 a factor of 1900179?
False
Is 24 a factor of 1838429?
False
Is 124836 a multiple of 206?
True
Is 210 a factor of 230962?
False
Does 274 divide 75853?
False
Does 50 divide 10023450?
True
Does 448 divide 1957512?
False
Does 1825 divide 18983701?
False
Does 200 divide 950600?
True
Is 375201 a multiple of 141?
True
Is 3896100 a multiple of 650?
True
Does 16 divide 107472?
True
Is 41 a factor of 553873?
False
Is 5 a factor of 43137?
False
Is 13355929 a multiple of 43?
True
Is 25 a factor of 3955375?
True
Does 42 divide 1695792?
True
Does 503 divide 1665954?
False
Does 102 divide 13282542?
True
Is 13 a factor of 244897?
False
Is 2694681 a multiple of 9?
True
Does 26 divide 4565907?
False
Is 701668 a multiple of 22?
True
Is 654 a factor of 485922?
True
Is 7 a factor of 600533?
False
Does 253 divide 172574?
False
Is 261 a factor of 3530025?
True
Is 288 a factor of 285004?
False
Does 53 divide 7899038?
False
Is 529308 a multiple of 87?
True
Is 15 a factor of 94104?
False
Does 73 divide 7275545?
True
Does 14 divide 53438?
True
Does 23 divide 1971767?
True
Is 110 a factor of 235620?
True
Is 288225 a multiple of 135?
True
Is 1896353 a multiple of 113?
False
Does 95 divide 5578?
False
Is 49 a factor of 5090549?
False
Is 10941 a multiple of 131?
False
Is 2 a factor of 13793?
False
Is 19 a factor of 24725194?
True
Does 19 divide 2016?
False
Is 7 a factor of 18045?
False
Does 141 divide 391538?
False
Is 26 a factor of 346762?
True
Does 18 divide 236309?
False
Does 11 divide 2085017?
True
Does 32 divide 145484?
False
Is 2518192 a multiple of 8?
True
Is 362 a factor of 298650?
True
Does 1008 divide 4664318?
False
Does 62 divide 717898?
True
Is 827 a factor of 136588?
False
Is 215396 a multiple of 22?
False
Is 3 a factor of 2427135?
True
Does 10 divide 386090?
True
Is 643904 a multiple of 4?
True
Is 73548 a multiple of 12?
True
Does 36 divide 54015?
False
Does 21 divide 1434089?
False
Does 18 divide 915570?
True
Is 9 a factor of 437688?
True
Is 780811 a multiple of 449?
True
Is 114 a factor of 9296?
False
Is 22 a factor of 516230?
True
Is 30097080 a multiple of 585?
True
Is 5103 a multiple of 34?
False
Is 651490 a multiple of 35?
True
Does 5 divide 41358?
False
Is 16730 a multiple of 239?
True
Is 57 a factor of 8679936?
False
Is 5445882 a multiple of 663?
True
Is 78 a factor of 1304397?
False
Does 24 divide 1479072?
True
Is 1022160 a multiple of 240?
True
Is 328538 a multiple of 612?
False
Is 182 a factor of 8372?
True
Does 51 divide 29306?
False
Is 99599 a multiple of 22?
False
Is 4903213 a multiple of 5?
False
Does 6 divide 944147?
False
Is 2 a factor of 1492464?
True
Is 3800736 a multiple of 954?
True
Does 1018 divide 5816364?
False
Does 1561 divide 2316524?
True
Does 186 divide 44828?
False
Is 132 a factor of 2235156?
True
Is 5354475 a multiple of 175?
True
Does 27 divide 18176?
False
Does 291 divide 3938685?
True
Is 10329958 a multiple of 223?
False
Is 41 a factor of 138129?
True
Is 987532 a multiple of 28?
True
Does 350 divide 84